
Is 1019 a multiple of 88?
False
Is 1666 a multiple of 17?
True
Does 121 divide 11011?
True
Is 575 a multiple of 23?
True
Is 265 a factor of 10865?
True
Does 20 divide 1886?
False
Is 34042 a multiple of 8?
False
Is 16 a factor of 84320?
True
Is 11 a factor of 1966?
False
Is 286 a multiple of 8?
False
Is 8 a factor of 600?
True
Does 37 divide 842?
False
Does 9 divide 23382?
True
Does 83 divide 2704?
False
Is 398 a multiple of 3?
False
Is 42350 a multiple of 121?
True
Does 26 divide 15391?
False
Is 17 a factor of 953?
False
Is 13 a factor of 52?
True
Is 2852 a multiple of 23?
True
Is 6 a factor of 78616?
False
Does 30 divide 53897?
False
Does 146 divide 3628?
False
Does 13 divide 68289?
True
Is 9763 a multiple of 79?
False
Is 14222 a multiple of 13?
True
Is 106 a factor of 29607?
False
Is 2728 even?
True
Does 60 divide 4971?
False
Is 7 a factor of 351?
False
Is 15 a factor of 2707?
False
Is 1952 a multiple of 46?
False
Is 900 a multiple of 6?
True
Is 27 a factor of 6637?
False
Does 7 divide 3227?
True
Is 36967 a multiple of 15?
False
Is 448 a multiple of 28?
True
Does 5 divide 54?
False
Is 32732 a multiple of 167?
True
Is 9 a factor of 976?
False
Is 11 a factor of 13387?
True
Is 99 a factor of 1197?
False
Is 27 a factor of 10675?
False
Is 89 a factor of 9701?
True
Is 31 a factor of 2425?
False
Is 19 a factor of 102?
False
Is 8960 a multiple of 70?
True
Does 9 divide 882?
True
Is 7718 a multiple of 34?
True
Does 7 divide 43229?
False
Does 50 divide 463?
False
Is 68 a multiple of 4?
True
Is 120 a factor of 10362?
False
Is 3178 a multiple of 109?
False
Is 8 a factor of 13776?
True
Does 12 divide 3108?
True
Is 9 a factor of 563?
False
Does 40 divide 11152?
False
Is 14 a factor of 303?
False
Is 10 a factor of 2015?
False
Is 58 a factor of 2494?
True
Is 2097 a multiple of 11?
False
Is 14265 a multiple of 9?
True
Does 8 divide 17680?
True
Is 936 a multiple of 52?
True
Does 50 divide 6594?
False
Does 112 divide 40544?
True
Is 8210 a multiple of 112?
False
Does 123 divide 856?
False
Is 12 a factor of 4860?
True
Is 35 a factor of 979?
False
Is 8 a factor of 58808?
True
Does 17 divide 4012?
True
Is 13 a factor of 3978?
True
Is 26 a factor of 2195?
False
Is 2058 a multiple of 14?
True
Does 2 divide 55?
False
Is 10 a factor of 430?
True
Is 65 a multiple of 2?
False
Is 2226 a multiple of 14?
True
Is 179 a factor of 35442?
True
Is 378 a factor of 29862?
True
Is 2901 a multiple of 39?
False
Is 148 a factor of 7252?
True
Is 24 a factor of 4660?
False
Is 15439 a multiple of 25?
False
Does 12 divide 2940?
True
Is 12 a factor of 1416?
True
Is 14 a factor of 39114?
False
Is 30262 a multiple of 46?
False
Is 47 a factor of 1353?
False
Is 2919 a multiple of 3?
True
Is 160 a factor of 7443?
False
Is 44 a factor of 36432?
True
Is 45240 a multiple of 17?
False
Is 14 a factor of 434?
True
Does 14 divide 4718?
True
Is 104 a factor of 11648?
True
Is 174 a factor of 54810?
True
Does 10 divide 107910?
True
Is 23 a factor of 1610?
True
Does 23 divide 8257?
True
Is 116 a factor of 37996?
False
Does 13 divide 12571?
True
Is 30066 a multiple of 5?
False
Is 121 a factor of 9680?
True
Does 3 divide 220?
False
Is 18 a factor of 1040?
False
Is 34 a factor of 476?
True
Is 166 a factor of 14996?
False
Does 34 divide 4230?
False
Is 17 a factor of 14763?
False
Is 79 a factor of 2765?
True
Is 59 a factor of 295?
True
Does 20 divide 13717?
False
Is 1750 a multiple of 35?
True
Is 90 a multiple of 18?
True
Is 25 a factor of 982?
False
Is 50219 a multiple of 216?
False
Is 896 a multiple of 15?
False
Does 70 divide 1680?
True
Does 65 divide 650?
True
Is 58 a factor of 1370?
False
Is 14 a factor of 4718?
True
Is 63389 a multiple of 50?
False
Is 7734 a multiple of 12?
False
Is 8 a factor of 317?
False
Is 689 a multiple of 7?
False
Is 600 a multiple of 40?
True
Is 18953 a multiple of 84?
False
Is 14 a factor of 9618?
True
Does 32 divide 4896?
True
Does 8 divide 32190?
False
Is 4 a factor of 1752?
True
Is 154 a factor of 462?
True
Is 1288 a multiple of 8?
True
Does 46 divide 4401?
False
Does 30 divide 57352?
False
Does 38 divide 25388?
False
Is 6 a factor of 1692?
True
Does 104 divide 644?
False
Is 115 a multiple of 29?
False
Is 65 a factor of 14186?
False
Does 179 divide 18621?
False
Is 2850 a multiple of 38?
True
Is 41 a factor of 1710?
False
Is 53 a factor of 14950?
False
Does 5 divide 506?
False
Is 22 a factor of 3190?
True
Is 1133 even?
False
Does 10 divide 60?
True
Does 13 divide 13?
True
Is 17 a factor of 289?
True
Is 5440 a multiple of 20?
True
Is 52 a factor of 12532?
True
Is 22 a factor of 9438?
True
Is 21 a factor of 4263?
True
Is 8 a factor of 28760?
True
Is 47 a factor of 282?
True
Is 67 a factor of 3484?
True
Does 14 divide 1027?
False
Is 403 a multiple of 13?
True
Is 19845 a multiple of 81?
True
Is 125 a multiple of 9?
False
Does 9 divide 11412?
True
Does 12 divide 25044?
True
Does 4 divide 667?
False
Does 13 divide 351?
True
Is 21160 a multiple of 25?
False
Is 22 a factor of 600?
False
Is 1185 a multiple of 5?
True
Does 10 divide 3565?
False
Is 8 a factor of 9953?
False
Is 25926 a multiple of 87?
True
Is 40 a factor of 1594?
False
Is 2912 a multiple of 28?
True
Does 100 divide 234?
False
Is 9 a factor of 153?
True
Is 20 a factor of 60?
True
Does 58 divide 2900?
True
Does 74 divide 7685?
False
Is 11 a factor of 3355?
True
Does 8 divide 392?
True
Is 844 a multiple of 9?
False
Does 20 divide 6060?
True
Does 4 divide 72?
True
Is 1020 a multiple of 4?
True
Is 38 a factor of 1920?
False
Does 2 divide 8244?
True
Does 16 divide 976?
True
Does 43 divide 15276?
False
Is 4270 a multiple of 16?
False
Is 9 a factor of 2100?
False
Is 1015 a multiple of 35?
True
Is 25 a factor of 19675?
True
Is 1450 a multiple of 74?
False
Is 104 a factor of 5232?
False
Is 30 a factor of 56610?
True
Is 7 a factor of 77?
True
Is 4796 a multiple of 44?
True
Is 177 a factor of 12213?
True
Is 11 a factor of 524?
False
Is 21790 a multiple of 44?
False
Is 113 a factor of 10044?
False
Is 1784 a multiple of 26?
False
Does 4 divide 228?
True
Is 579 a multiple of 79?
False
Is 130 a multiple of 26?
True
Is 120 a multiple of 30?
True
Does 8 divide 1600?
True
Does 8 divide 7690?
False
Does 3 divide 140?
False
Does 3 divide 57?
True
Is 3084 a multiple of 43?
False
Does 5 divide 370?
True
Is 33 a factor of 1640?
False
Is 259 a factor of 259?
True
Is 54 a factor of 3852?
False
Does 8 divide 29728?
True
Is 339 a multiple of 10?
False
Is 23150 a multiple of 6?
False
Does 11 divide 1441?
True
Is 1318 a multiple of 100?
False
Is 2896 a multiple of 5?
False
Does 23 divide 18227?
False
Is 3 a factor of 1112?
False
Is 1494 a multiple of 80?
False
Is 111 a multiple of 2?
False
Is 336 a multiple of 16?
True
Does 8 divide 52830?
False
Is 4 a factor of 1664?
True
Is 1176 a multiple of 7?
True
Is 101 a factor of 1202?
False
Is 11 a factor of 103554?
True
Is 8 a factor of 283?
False
Is 24 a factor of 1704?
True
Is 31 a factor of 529?
False
Is 7446 a multiple of 73?
True
Does 57 divide 4760?
False
Is 2 a factor of 271?
False
Is 1502 a multiple of 4?
False
Is 22 a factor of 424?
False
Does 88 divide 25872?
True
Is 6 a factor of 36?
True
Is 3073 a multiple of 34?
False
Does 16 divide 20960?
True
Is 39 a factor of 4719?
True
Is 70 a multiple of 2?
True
Does 43 divide 8722?
False
Does 26 divide 34700?
False
Is 123 a factor of 1560?
False
Is 8060 a multiple of 23?
False
Does 32 divide 3997?
False
Is 70218 a multiple of 166?
True
Is 6877 a multiple of 13?
True
Is 15 a factor of 1064?
False
Is 7647 a multiple of 84?
False
Is 14561 a multiple of 31?
False
Is 34 a factor of 62711?
False
Does 2 divide 15926?
True
Is 7 a factor of 260?
False
Is 46248 a multiple of 94?
True
Does 13 divide 1439?
False
Does 66 divide 132?
True
Does 17 divide 7633?
True
Is 23 a factor of 21505?
True
Does 63 divide 11094?
False
Is 119667 a multiple of 339?
True
Is 27 a factor of 12312?
True
Does 20 divide 1880?
True
Is 77 a factor of 5775?
True
Is 6018 a multiple of 17?
True
Is 91 a factor of 6734?
True
Is 56 a multiple of 7?
True
Is 3224 a multiple of 62?
True
Does 69 divide 3656?
False
Is 38346 a multiple of 21?
True
Is 16014 a multiple of 102?
True
Does 50 divide 3285?
False
Is 8 a factor of 560?
True
Does 16 divide 208?
True
Is 23 a factor of 16537?
True
Is 22074 a m